at is the highest common divisor of k and 2?
1
Let u = -199 + 193. Let w(p) = p**3 + 5*p**2 - 4*p + 25. Let l be w(u). What is the greatest common factor of l and 208?
13
Suppose 11*m - 4*m - 329 = 0. Suppose 0*j = -12*j - 396. Let q = j + m. What is the greatest common factor of 35 and q?
7
Let t(y) = -6*y**2 - 52*y + 1. Let b(x) = -8*x**2 - 53*x. Let d(j) = 5*b(j) - 6*t(j). Let a be d(11). What is the greatest common divisor of a and 99?
9
Let x(u) = u**2 - 5*u - 302. Let g be x(-16). What is the highest common factor of g and 238?
34
Let u be (-320 + 318)*(-22)/4. Calculate the highest common factor of 5489 and u.
11
Let d(c) = -c**3 + 18*c**2 - 13*c - 42. Let t be d(17). Let b(x) = 27*x**2 + 37*x + 158. Let s be b(-4). What is the greatest common factor of s and t?
26
Let d(v) = -9*v**2 + 6*v - 4. Let p be d(2). Let b(l) = -l**2 + 20*l - 23. Let j be b(16). Let a = j + p. Calculate the highest common factor of a and 13.
13
Let y(w) = -w**3 - 32*w**2 - 62*w - 15. Let a be y(-30). Let h be 4*10/a*9. What is the highest common factor of 184 and h?
8
Suppose -9030 = -3*n - 5*x, -2*n + 100*x + 5982 = 97*x. Calculate the highest common factor of 2880 and n.
120
Suppose 133 = 3*h - 4*q, h = -h + 3*q + 90. Let k(b) = 270*b**2 - 2*b + 13. Let g be k(0). What is the highest common factor of g and h?
13
Let l be (-2)/(-23) - 1240/(-23). Let h be (-3)/(0 - 3/l). Calculate the highest common factor of 90 and h.
18
Suppose -6 - 118 = -2*c. Let u = 132 - 58. Let f = u - 43. What is the highest common factor of f and c?
31
Let m = 2258 - -382. What is the greatest common factor of 198 and m?
66
Suppose -3*g = -24*g - 21. Let d be ((63 - -3) + g)*1 - 4. Calculate the highest common divisor of d and 305.
61
Let r be 460/(-6)*(-1 + -14). Suppose 160 = -16*s + 6*s, 3*f - 25*s = -23*s + 182. What is the greatest common factor of f and r?
50
Let u = -1914 - -1919. Let j(v) = -v**3 - 7*v**2. Let f be j(-7). Let o be 3 + f - (4 - 46). Calculate the greatest common divisor of o and u.
5
Suppose -152*g + 6957 = 271*g - 1080. Calculate the greatest common divisor of g and 3743.
19
Let n = 157 - 103. Let x be 162/(-5)*11340/(-486). What is the highest common divisor of n and x?
54
Let s be 33388/187*858/12. Calculate the highest common divisor of 26 and s.
26
Let b(d) = 375*d - 8922. Let s be b(24). Calculate the greatest common factor of s and 2847.
39
Suppose 109*t + 9684 - 28977 = 0. What is the highest common factor of 3776 and t?
59
Suppose -2472 + 3850 - 16218 = -10*u. What is the greatest common factor of u and 56?
28
Let l be -84*(2 - 24/9). Let q be 10926/15 + (2/30)/(256/(-1536)). Calculate the greatest common divisor of q and l.
56
Suppose m = 3*m - 156. Let u(g) = -23 + 3*g + 4*g - 1 + m. Let l be u(8). What is the greatest common divisor of 44 and l?
22
Let l(h) = -3 - 27*h + 16*h + 21*h - 4 + 6*h**2. Let o be l(-3). What is the greatest common factor of o and 85?
17
Let n be 0*3/3*-1. Suppose n = w - 10 + 12. Let x be 6040/48 - w/12. What is the greatest common factor of 14 and x?
14
Let l(m) = m**2 + 15*m + 62. Let o = -392 - -381. Let r be l(o). Calculate the greatest common factor of 63 and r.
9
Let y = 3441 - 3437. Suppose 9 + 2 = -i + 4*w, 0 = -3*i - 3*w + 12. Calculate the greatest common factor of i and y.
1
Let f = 7786 + -7687. Calculate the greatest common divisor of f and 24.
3
Let o be ((-52)/(-6))/(-2) - 2532/(-1899). Suppose 140 = -8*w + 3*w. Let t be w/o*18/4. Calculate the greatest common divisor of t and 21.
21
Suppose -7*r + 3126 = -79607. Calculate the highest common divisor of r and 53.
53
Let k(v) = -3*v**2 - 42*v + 3. Let a be k(-14). Calculate the greatest common divisor of a and 429.
3
Let r be (114/(-14) - (-60 - -51))*84/8. Suppose -21 = -3*t + 18. Suppose c + 0*c - 3*u = r, c - t = -u. What is the highest common factor of c and 20?
4
Suppose 4*b + 2312 = 508. Let w = -291 - b. What is the highest common divisor of w and 96?
32
Suppose 2*z - 3*k = -8*k - 172, 4*z = 2*k - 320. Let m be 9/(z/(-15))*6. Calculate the highest common divisor of 170 and m.
10
Suppose 76*d + 30*d - 11*d - 2864535 = 0. Calculate the greatest common divisor of d and 57.
57
Let f(i) = 8*i. Let h be f(5). Let v(x) = -16 - x + 10 - 22 + 53. Let j be v(5). What is the highest common divisor of h and j?
20
Let c = 6357 + -5654. Calculate the highest common divisor of c and 19.
19
Let a be (-1232)/20*((5 - 6) + -9). Let n = -526 + a. What is the greatest common divisor of 60 and n?
30
Suppose 66*j = 61*j - 1170. Let h be (120/j - 2/13)*-861. Calculate the highest common factor of 41 and h.
41
Let o be (4/7)/(2/7). Suppose -o*p + 0*p = -6*p. Suppose -u - 140 = -6*u + 2*t, p = 2*u + 2*t - 42. Calculate the highest common divisor of u and 286.
26
Let a be 3/15 - 331/5. Let t = 94 + a. Suppose -o + 32 = -5*g, 8 = 5*g + t. What is the greatest common divisor of 4 and o?
4
Let t(p) = 28*p**2 - p. Let h be t(-3). Suppose 0 = 2439*q - 578*q + 4261 - 32176. Calculate the greatest common factor of h and q.
15
Suppose -10*z + 74 = -6. Let m = z - 4. Suppose f - 2 = -5*i + 5, m*f - i = 70. What is the greatest common divisor of f and 17?
17
Let i(v) = v - 2. Let j be i(6). Let g be ((-38)/(-57))/(j/150). Calculate the highest common factor of 20 and g.
5
Suppose 648 = -4*y + 5*y + 5*y. What is the greatest common divisor of 3132 and y?
108
Let z be 36/10 + (-2)/(-5). Let p = 298 + -220. Suppose -3*x + z*a = -p, 4*x + a - 4*a = 111. Calculate the highest common divisor of x and 105.
15
Let w be 12/10*(-40)/(-12). Suppose -6*c = -c - 255. Suppose 0 = 2*t + 2*y + 3*y - c, 2*t + 4*y - 52 = 0. What is the greatest common divisor of w and t?
4
Let w be 167 + 38 + -23 + 4*(1 + -3). What is the highest common divisor of 11745 and w?
87
Let h = 3774 + -3722. What is the greatest common factor of 2548 and h?
52
Suppose 6 = -3*w - 3*y, 0*w + 14 = 3*w - 2*y. Let x(f) = 22 + 2*f**w - 11*f + 18 - 40. Let h be x(9). What is the highest common divisor of h and 9?
9
Let q = 261 + -251. Suppose 2*g - 4 = 0, -g - 100 = 7*s - q*s. Calculate the highest common divisor of s and 2.
2
Let i = 63 + -61. Let y(j) = -i*j - 14 - 5*j - 10*j. Let g be y(-7). Calculate the greatest common divisor of 35 and g.
35
Let j = 1267 + -1197. Let u be (48/(-15))/((-2)/35). Calculate the greatest common divisor of j and u.
14
Let a = -154 - -157. Suppose 16*y = a*y + 2496. Calculate the greatest common factor of 24 and y.
24
Suppose 310*s + 291*s - 542*s = 4248. Let d(u) = 24*u**2 + u - 1. Let p be d(1). What is the highest common divisor of s and p?
24
Let u(i) = -1932*i + 1007. Let n be u(-18). Calculate the highest common factor of n and 11.
11
Suppose -457*r + 459*r = t - 58, 2*r = -t + 42. Calculate the greatest common divisor of 650 and t.
50
Suppose 0 = 61*o - 6*o - 3520. Let d(b) = -b**2 + 6*b + 3. Let a be d(3). What is the greatest common factor of a and o?
4
Suppose 2*q + 7382 = 5*v - q, q = v - 1478. Calculate the greatest common factor of v and 44.
22
Let b be 1 - (-27 - (-1 - 1)). Let q = 277 + -97. Let g = 28 + q. Calculate the highest common divisor of g and b.
26
Suppose 4*r = 5*r - 15. Let g = 87449 + -87414. Calculate the greatest common divisor of r and g.
5
Let b(s) = 3*s**2 + 21*s - 456. Let y be b(13). Calculate the highest common divisor of y and 60.
12
Let x = 1431 - 1363. What is the highest common divisor of 187 and x?
17
Let g = 9484 - 8288. Calculate the highest common factor of 92 and g.
92
Let q be (-21527)/(-171) - 1/(-9). Let d(k) = k**2 + 49*k - 184. Let l be d(-53). Calculate the greatest common factor of q and l.
14
Let g(o) = -4*o**3 - 35*o**2 + 5*o - 16. Suppose 20*f - 27*f - 63 = 0. Let x be g(f). What is the greatest common divisor of 340 and x?
20
Let g(q) = 8*q**2 - 3*q - 1. Let h(r) = 7*r**2 - 4*r. Let m(b) = 3*g(b) - 2*h(b). Let x be m(-4). What is the highest common factor of x and 46?
23
Let o be 5/(-3 + (-21)/(-6)). Let m(i) = -2*i**2 - 5*i + 13. Let k be m(4). Let n = k - -54. What is the greatest common divisor of n and o?
5
Let x(m) = 2986*m**2 + m. Let g be x(1). Calculate the greatest common factor of g and 103.
103
Let z = -85 - 35. Let c = -194 - -130. Let k = c - z. What is the highest common factor of k and 28?
28
Let a = 34513 - 22273. Suppose -21*b +